3 and 26360.
659
Calculate the greatest common divisor of 1288 and 1613542.
322
Calculate the greatest common divisor of 2965832 and 248.
248
What is the greatest common divisor of 2412 and 2312304?
804
What is the greatest common factor of 53262 and 594?
198
What is the highest common divisor of 4791093 and 111?
111
What is the greatest common divisor of 177915 and 870?
435
Calculate the greatest common factor of 1700 and 4012.
68
What is the highest common divisor of 936 and 17352?
72
Calculate the greatest common factor of 1205 and 5.
5
Calculate the highest common divisor of 188 and 26414.
94
Calculate the highest common divisor of 352 and 1591832.
88
What is the highest common factor of 5254 and 1184?
74
What is the greatest common factor of 108 and 2214396?
36
Calculate the greatest common factor of 791 and 7516873.
791
Calculate the greatest common divisor of 4224 and 1344.
192
What is the highest common factor of 21 and 237363?
21
Calculate the highest common divisor of 791141 and 13.
13
Calculate the highest common factor of 14995 and 55.
5
What is the greatest common divisor of 17286 and 16348?
134
What is the highest common divisor of 645 and 12728?
43
Calculate the greatest common divisor of 337376 and 832.
416
Calculate the highest common divisor of 147 and 31.
1
Calculate the highest common divisor of 664 and 511114.
166
Calculate the highest common divisor of 22190 and 364.
14
What is the highest common divisor of 1 and 551224?
1
Calculate the greatest common divisor of 928545 and 10815.
1545
What is the highest common divisor of 93 and 284673?
93
What is the greatest common divisor of 45842 and 22?
2
What is the greatest common divisor of 6200 and 20088?
248
Calculate the greatest common factor of 230 and 247825.
115
Calculate the highest common divisor of 3864189 and 147.
147
Calculate the greatest common divisor of 924 and 36.
12
What is the greatest common divisor of 2 and 56741?
1
Calculate the greatest common factor of 8845 and 7259.
61
What is the greatest common factor of 8679 and 44?
11
What is the greatest common factor of 47357 and 11339?
667
Calculate the highest common divisor of 126 and 26712.
126
What is the greatest common factor of 8131 and 21106?
173
Calculate the greatest common factor of 3283380 and 29.
29
Calculate the highest common factor of 5344 and 15376.
16
What is the highest common divisor of 13083 and 66661?
623
Calculate the highest common divisor of 20048 and 3024.
112
Calculate the greatest common divisor of 1932 and 1148.
28
Calculate the highest common divisor of 492552 and 144.
72
Calculate the highest common factor of 352550 and 88.
22
What is the greatest common divisor of 2555 and 13454?
7
What is the greatest common factor of 297 and 517?
11
Calculate the greatest common factor of 48165 and 390.
195
Calculate the highest common factor of 77 and 40007.
11
What is the greatest common factor of 2 and 23761?
1
What is the highest common factor of 65 and 1064960?
65
Calculate the greatest common factor of 607 and 327173.
607
What is the greatest common divisor of 934 and 3050?
2
Calculate the greatest common divisor of 315 and 142335.
45
What is the highest common divisor of 74938 and 2105?
421
Calculate the greatest common factor of 80595 and 405.
405
Calculate the highest common divisor of 70560 and 320.
160
Calculate the highest common divisor of 100 and 1507675.
25
Calculate the greatest common divisor of 7221960 and 40.
40
Calculate the greatest common divisor of 476731 and 2465.
493
What is the greatest common factor of 1278 and 541659?
213
What is the highest common factor of 8973 and 747?
9
What is the highest common divisor of 532369 and 188?
47
Calculate the greatest common divisor of 4025 and 18725.
175
What is the greatest common factor of 285 and 228?
57
Calculate the greatest common factor of 1003 and 7463.
17
What is the highest common factor of 15 and 146180?
5
What is the highest common divisor of 59 and 314942?
59
Calculate the highest common divisor of 1848 and 58674.
462
Calculate the highest common divisor of 3395 and 871157.
679
What is the greatest common divisor of 726 and 146894?
242
Calculate the highest common divisor of 477431 and 186.
31
Calculate the greatest common factor of 10803 and 3237.
39
Calculate the greatest common divisor of 3328 and 39616.
64
What is the highest common divisor of 86 and 250862?
86
Calculate the highest common divisor of 14996 and 644.
92
What is the greatest common divisor of 252 and 4754358?
126
Calculate the highest common divisor of 337728 and 18.
6
What is the highest common divisor of 5752 and 176?
8
What is the greatest common factor of 275 and 3883?
11
What is the greatest common factor of 4 and 345248?
4
What is the greatest common factor of 280 and 5120?
40
Calculate the highest common factor of 56776 and 12596.
188
What is the greatest common divisor of 32953 and 713?
31
What is the greatest common factor of 131768 and 644?
28
Calculate the greatest common factor of 1448 and 54662.
362
What is the greatest common factor of 3975 and 1336925?
1325
Calculate the highest common factor of 1426392 and 594.
198
Calculate the greatest common divisor of 6192 and 16641.
387
Calculate the highest common divisor of 98 and 325409.
49
Calculate the highest common divisor of 45 and 143485.
5
Calculate the greatest common factor of 1968 and 99.
3
Calculate the highest common factor of 81 and 3219.
3
What is the greatest common divisor of 5691 and 1281?
21
Calculate the highest common divisor of 1360 and 12991400.
680
Calculate the highest common factor of 94923 and 583.
53
What is the highest common divisor of 534 and 81346?
178
Calculate the greatest common divisor of 89028 and 360.
36
What is the highest common divisor of 1520 and 4313456?
304
What is the highest common divisor of 385029 and 36?
9
Calculate the greatest common factor of 9800 and 769790.
490
What is the highest common divisor of 55393 and 572?
13
What is the highest common divisor of 127957 and 597?
199
Calculate the greatest common factor of 928 and 6931.
29
What is the highest common factor of 12872 and 3392?
8
What is the highest common factor of 38 and 7391?
19
What is the highest common factor of 4400 and 152064?
176
Calculate the greatest common divisor of 243 and 81891.
243
What is the greatest common divisor of 568 and 298484?
284
What is the highest common factor of 7973 and 938?
469
What is the highest common factor of 5860 and 160?
20
What is the greatest common divisor of 2 and 69346?
2
Calculate the greatest common divisor of 10540 and 510.
170
Calculate the highest common factor of 66 and 141009.
33
Calculate the highest common divisor of 80 and 254928.
16
What is the highest common factor of 32 and 1467832?
8
Calculate the highest common factor of 262 and 32750.
262
Calculate the greatest common divisor of 33 and 35829.
3
Calculate the greatest common factor of 25590 and 780.
30
Calculate the highest common divisor of 455 and 1155.
35
Calculate the greatest common divisor of 1524 and 156.
12
What is the greatest common factor of 46488 and 32448?
312
Calculate the highest common divisor of 1491 and 2611.
7
What is the greatest common divisor of 149 and 269839?
149
What is the greatest common divisor of 44 and 41470?
22
What is the highest common divisor of 53760 and 3750?
30
What is the greatest common divisor of 21710 and 2730?
130
Calculate the greatest common factor of 23922 and 432.
54
What is the greatest common divisor of 267764 and 584?
292
What is the greatest common divisor of 6259 and 12111?
11
Calculate the greatest common factor of 64 and 654928.
16
What is the highest common divisor of 49 and 132?
1
Calculate the highest common divisor of 2604 and 13206.
186
What is the highest common divisor of 28868 and 16?
4
What is the greatest common factor of 876069 and 2285?
457
Calculate the highest common divisor of 110 and 55430.
10
Calculate the highest common divisor of 13680 and 11600.
80
What is the greatest common divisor of 7075 and 1775?
25
What is the greatest common divisor of 99 and 48096?
9
What is the greatest common divisor of 21036 and 24?
12
What is the greatest common factor of 312 and 611?
13
Calculate the greatest common factor of 544